5*r**2 + 3*r + 6. Calculate t(z).
-9
Let x be 0 + (-5)/(2 + -1). Let c(z) = -z - 1. Let b be c(-3). Let t(v) = 6*v + 6 + v**b + 0 + v. Give t(x).
-4
Let i be 2/8 - 69/4. Let k(x) = -20*x**3 + 12*x**2 + 5*x + 14. Let l(j) = 8 + 4*j - 7*j**3 - 3 - 2*j + j**2 + 3*j**2. Let f(v) = i*l(v) + 6*k(v). Give f(3).
-4
Let s(g) = 4*g**2 + 39*g - 12. Let x be s(-10). Let w(o) = 2*o**2 - 2*o + 1. Determine w(x).
13
Let b(w) = -w + 5. Let l(k) = 1. Let z(v) = -b(v) + 6*l(v). Let f(q) = 4*q**3 + q**2. Let i be f(1). Calculate z(i).
6
Let o be ((-6)/(-4))/(15/10). Let t(c) = c**3 - c**2 - 2*c + 7. Let v(s) = 1. Let l(u) = o*t(u) - 5*v(u). Give l(2).
2
Suppose -3*n = 2 - 5. Let f(s) = s**3 - s**2. Let z(l) = 2*l**3 + l**2 - l - 2. Let j(h) = n*f(h) - z(h). Let d be (-1 - -1) + 1 - 3. What is j(d)?
0
Let v(k) = k**2 + 6*k - 6. Let c(g) = -g**2 + 7*g - 13. Let b be c(6). Calculate v(b).
1
Let z(k) = -k**3 - 8*k**2 - k - 6. Let x be z(-8). Let q(g) = g**3 + g**2 + 2*g - 3. Calculate q(x).
13
Let x(k) = -k - 1. Let c(o) = 2*o + 11. Let h be c(-8). Let y be x(h). Suppose 2*w - y - 4 = 0. Let t(n) = n**3 - 5*n**2 + 3*n - 2. Determine t(w).
-6
Let q(l) = -8*l**2 + 7*l - 3. Let n(s) = -17*s**2 + 15*s - 7. Let f(p) = -6*n(p) + 13*q(p). Give f(-3).
-18
Let g(h) = -h - 6. Let v be g(-8). Let l(j) = -6*j - 3*j**v + 2*j**2 - 5 + 2*j**2. What is l(4)?
-13
Let x(s) = -15*s**2 + 2*s - 1. Let l be (-35)/7 - (-1)/(-1). Let k be 2 - -2*3/l. Calculate x(k).
-14
Let s(t) = t**2 + 10*t + 12. Let h be 54/(-7) + 14/(-49). Give s(h).
-4
Let w(u) = -2*u + 2. Let t be ((-15)/6)/((-4)/8). Suppose -5*h + t = -10, -3*h = -5*a + 6. Determine w(a).
-4
Let m(r) = -r + 11. Suppose 6*t - 37 = 11. Calculate m(t).
3
Let d(s) = s**2 + 10*s - 9. Let b be d(-10). Let m be 1/1 + b/(-1). Suppose -2*k + 7*k + m = 0. Let c(g) = 4*g - 1. Calculate c(k).
-9
Let q(x) = -x**3 + 7*x**2 - 7*x + 4. Let r be 84/15 - 2/(-5). What is q(r)?
-2
Let j(b) be the first derivative of -3*b**2/2 - b + 6. Calculate j(1).
-4
Let z(o) = o**3 - 2*o - 1. Suppose j - 3 = -2*j, -3*h = -3*j - 3. Let l be 2 - (-1 + h - 1). What is z(l)?
3
Let u(z) = 2*z**3 + z**2 - z + 2. Suppose f + 4 = -f. Give u(f).
-8
Let y(t) be the first derivative of 4 + 4*t + 1/2*t**2. Give y(-6).
-2
Let a(j) = -j + 4. Let g be (3/(-2))/(2/4). Calculate a(g).
7
Let x = -4 + 6. Let b(c) = c - 2 - 2*c + x. Calculate b(1).
-1
Let r(i) = i**3 - i**2 - i - 2. Let l = 25 + -25. Give r(l).
-2
Let z(t) = -t**3 - t**2 + 2*t - 6. Let b be z(-3). Let s(q) = q**3 - 7*q**2 + 8*q - 5. What is s(b)?
7
Let q(v) = -v - 7. Let f(g) be the first derivative of g**2 + 3*g + 2. Suppose -4*u + 5*c + 8 = 0, 8*u - 3*u = 5*c + 5. Let a be f(u). Give q(a).
-4
Let x(c) = 3 - c + 15*c**2 - 10*c**2 - 2. Calculate x(1).
5
Let l(f) = -f + 3. Suppose a = 2*a + 2. Let q be 1 - a - (3 + -3). Calculate l(q).
0
Let d(g) = 20*g - 3. Let b(r) = -7*r + 1. Let a(t) = -17*b(t) - 6*d(t). What is a(0)?
1
Let a(x) = x - 5. Let p be a(7). Let j(q) = 4*q + q**3 + 6*q**p - 4*q**3 - 3*q**2 + 5 + 2*q**3. Calculate j(4).
5
Suppose -5*j - 9 + 14 = 0. Let n(i) = -12*i + 1. Give n(j).
-11
Let m = 83 + -59. Suppose -b + 0*b - 4*w = 19, b + 5*w + m = 0. Let z(j) = 2 + 2*j**2 + 7*j - j**2 + b. Calculate z(-5).
-7
Let p(a) = 1 - 2*a**2 + a + 3 + 8*a - 1. Let b(i) = i**2 - 8*i - 3. Let d(m) = -3*b(m) - 2*p(m). Determine d(-5).
-2
Let v(q) be the second derivative of -1/60*q**5 + 1/120*q**6 - 1/2*q**2 + 2/3*q**3 + 0 - q + 0*q**4. Let w(n) be the first derivative of v(n). What is w(0)?
4
Let i be (-3)/(15/31) + 2/10. Let l(u) = u**3 + 5*u**2 - 5*u + 1. Determine l(i).
-5
Let j(o) be the third derivative of -o**8/10080 + o**7/1260 - o**5/30 + 2*o**2. Let s(t) be the third derivative of j(t). Determine s(3).
-6
Let m(k) be the second derivative of -k**6/720 + k**5/120 - k**4/3 + 7*k. Let u(q) be the third derivative of m(q). Suppose -j = -4*j + 3. Calculate u(j).
0
Let p(k) = k**2 + 5*k + 1. Suppose 2*t = j - 50, 2 + 0 = -j. Let c be t/5 - (-3)/15. Determine p(c).
1
Let f = 4 - 3. Suppose 0 = d - f. Let g(j) = 3*j**3 - j**2 - j + 1. What is g(d)?
2
Let o(g) = g**2 + 2*g - 8. Let f be o(-3). Let i(y) = 5*y**2 + 4*y - 3. Let b(c) = -6*c**2 - 4*c + 2. Let s(v) = -4*b(v) - 5*i(v). Calculate s(f).
2
Let x(k) = -5*k - 1. Suppose 3*q + y = -8, -13 = -0*q + 3*q + 2*y. Let g be x(q). Let w(h) = h**3 - 3*h**2 - 4*h + 3. Give w(g).
3
Let p(z) = 20*z**2 - 5*z + 11. Let u(n) be the second derivative of -n**4/3 + n**3/6 - n**2 + 6*n. Let i(g) = -2*p(g) - 11*u(g). Determine i(-1).
5
Let u(m) be the second derivative of -5*m**4/6 + m**3/6 + 2*m + 26. Give u(1).
-9
Let v = 2 - -1. Let s(d) = -d**3 + 5*d**2 - v - 1 + 7*d - 5. What is s(6)?
-3
Let p(t) = 7*t - 1. Let z(s) = -s**3 + 18*s**2 - 19*s + 33. Let l be z(17). Give p(l).
-8
Let j(q) = 2*q + 46. Let a be j(-19). Let s(i) = i**2 - 9*i + 12. What is s(a)?
4
Let f(n) be the third derivative of n**4/24 + n**3/2 + 5*n**2. Suppose 3*r - 5*r + 10 = 0. Give f(r).
8
Let s(o) be the first derivative of o**4/4 - o**2/2 - 4. Let m(z) = 7*z**3 - 2*z**2 - 10*z + 4. Let x(c) = -m(c) + 6*s(c). Calculate x(3).
-1
Let b(m) = 8*m**2 + 7*m - 1. Let a(q) = -8*q**2 - 6*q + 1. Suppose 4*k - 6 = 3*k. Let i(r) = k*a(r) + 5*b(r). Calculate i(1).
-8
Let b(t) be the third derivative of -2*t**2 + 0*t + 0 + 1/12*t**4 - t**3. Let a(j) = j**2 - 6*j - 2. Let y be a(7). Give b(y).
4
Let x(r) = r + 282 + r - 271. What is x(-9)?
-7
Let t(v) = -v**2 + 5*v - 4. Let u(g) = -g**2 + 5*g - 4. Let s(p) = 4*t(p) - 3*u(p). Calculate s(4).
0
Let i be 0/1 + (-4)/(-1). Let q(a) = 4*a - 5*a - 4 - a**2 + 5*a. Determine q(i).
-4
Let q(k) = -k**2 + k + 1. Let c(r) = -12*r**2 + 6*r + 7. Let o(y) = c(y) - 6*q(y). Calculate o(1).
-5
Let r = 13 - 18. Let l = r + 10. Let h(k) = -3 - 3*k + 4*k + 2. What is h(l)?
4
Suppose 7*t - 4*t = 2*w - 40, -4*t + w - 45 = 0. Let z(v) = -v**2 - 10*v + 4. What is z(t)?
4
Let j(z) = z**2 + 7*z - 2. Let c(i) = 4*i**2 + 28*i - 8. Let k(p) = 2*c(p) - 9*j(p). What is k(-7)?
2
Let i(r) = 3*r - 3. Let v = 3 + 1. Let b(u) = -u**2 + u - 1. Let d(n) = v*b(n) - i(n). Determine d(1).
-4
Let i be -7*((-24)/(-21) - 2). Let r = i + -4. Let g(d) = -d**2 + 3 - 3 + 0 - d - 1. Calculate g(r).
-7
Let t be 42/5 + 2/(-5). Let j(x) = x**3 - 8*x**2 - 2*x + 10. Determine j(t).
-6
Let i(z) = z - 3. Suppose -6*x = -2*x. Suppose 2*s - 3*k - k = -10, s - k + 1 = 0. Suppose -s*o + 4 = -x*o + 2*y, -5*y + 10 = -3*o. Calculate i(o).
-3
Let u(j) = j**3 + 4*j**2 + 3*j - 2. Let r(i) = -3*i**3 - 12*i**2 - 10*i + 8. Let p(o) = -2*r(o) - 7*u(o). Let z be -5 - (-2 + (2 - 2)). Calculate p(z).
-8
Let q(m) = -2*m + 25. Let o be q(14). Let l(n) be the first derivative of -2 + 0*n + 1/3*n**3 + 0*n**2. Determine l(o).
9
Let p(i) = -i**2 - 2*i - 1. Let f = -28 + 39. Suppose k + 14 = f. Give p(k).
-4
Let p = 9 - 8. Let n be (-1 - 0) + 5/p. Let k(u) = u**3 - 3*u**2 - 4*u + 1. Determine k(n).
1
Let k(t) = t**2 + 3. Let s(v) = v**3 - v. Let r be s(1). Give k(r).
3
Suppose -3*l + 19*l = -64. Let y(o) = -o**3 - 4*o**2 - o + 1. Give y(l).
5
Let q = -16 - -15. Let c(n) = 5*n**2 - n - 1. Calculate c(q).
5
Let q(s) = -3*s - 2*s + 4*s - 9. Suppose 24 = 3*z - 5*m, 5*z - m - 6 = -4*m. Suppose z*o = o. What is q(o)?
-9
Let u(t) = 2*t. Let w be (-6)/10 + (-10)/25. Give u(w).
-2
Let q(c) = -c - 8. Let b = 8 - 4. Let s = b + 1. Suppose 4*z - s*x + 11 = 0, z + 0*z + x + 5 = 0. Determine q(z).
-4
Let v(p) be the first derivative of p**2/2 + 11*p - 6. What is v(-6)?
5
Let z(b) = -2*b**3 - 3*b**2 - 3*b - 1. Let t be 4/14 + (-48)/21. Calculate z(t).
9
Let a(s) be the third derivative of -s**5/60 - 5*s**4/24 - s**3/2 - 17*s**2 + 1. Give a(-5).
-3
Let n(b) = 0*b - 18*b**2 - 9*b + 17*b**2 - 2. Determine n(-9).
-2
Let l(o) = -o**2 - 6*o - 7. Let h(q) = 4*q**2 - q. Let t(v) = -5*v**2 + v + 1. Let n(g) = -6*h(g) - 5*t(g). Let f be n(0). Calculate l(f).
-2
Let u(v) = v**3 + 6*v**2 - 6*v + 8. Suppose 4*f - 4*m + 9*m + 48 = 0, -4*m = 5*f + 51. Give u(f).
1
Let v(k) = -k. Let f be v(2). Let l be (-2*1)/(-2)*3. Let r = l - f. Let o(b) = b**3 - 5*b**2 + 2. Give o(r).
2
Suppose 0 = -2*z + 3*z, -3*z = -v + 3. Let l(r) = r + 1 - 1. Calculate l(v).
3
Let f(g) = g - 2. Let s be f(10). Let w(k) = k**3 - 7*k**2 - 10*k + 6. Calculate w(s).
-10
Let c(u) = -2*u + 2. Suppose p = -3*r + 